se -2*b + 4*z - 2 = 2, -b - 6 = -4*z. Suppose 26 = b*j + 2*f, -j = 3*j + f - 49. List the prime factors of j.
2, 3
Suppose 2*w - 169 = -5*d, -5*w + 2*d + 111 = -297. What are the prime factors of w?
2, 41
Suppose 2*s - 88 = 22. What are the prime factors of s?
5, 11
Let w = 20 + 22. What are the prime factors of w?
2, 3, 7
Let y(z) = 11*z + 1. Let t be y(1). List the prime factors of 8/t + 10/3.
2
What are the prime factors of (2 + -1)*114 - (1 + 3)?
2, 5, 11
Suppose 0 = -6*x + x + 1020. Suppose -5*a - 49 = -x. List the prime factors of a.
31
Let g = -23 + 16. List the prime factors of (1*-3)/(g - -6).
3
Let b be 34 + (-2)/1 + 3. Let n = b + -22. List the prime factors of n.
13
Let x(c) = 2*c + 15. Let g be x(-10). Let u(i) = -3*i + 6. List the prime factors of u(g).
3, 7
Suppose -2*d + 5*l + 0*l = -209, l + 189 = 2*d. List the prime factors of d.
2, 23
Suppose -4*a - 726 = -10*a. List the prime factors of a.
11
Suppose 2*x - 5*v - 44 = 0, -3*v + 2 = -4*v. What are the prime factors of x?
17
Suppose 0 = -3*o + 4*o - 1. Let s = 4 - 10. List the prime factors of 20/(-15)*s/o.
2
Let q be 3*15/9*1. Suppose 2*f - 24 + 72 = q*v, 4*f + 48 = 4*v. Let u = 10 - v. List the prime factors of u.
2
Suppose -5*z + 30 + 285 = 0. List the prime factors of z.
3, 7
Suppose -16 = -k + 5*k. Let t be -1 + 3 + (-1 - k). Suppose -z = -2*z + t. What are the prime factors of z?
5
Let w(u) = u + 1. Let g be w(5). Let n be (6/4)/((-13)/26). Let p = n + g. What are the prime factors of p?
3
Suppose 0 = 3*t - 3, 0 = p + 6*t - 2*t - 6. Let f(i) = i**2 + 3*i - 8*i**2 + 6*i**p - 2 + 6*i. What are the prime factors of f(6)?
2
Let g(u) = u**2 - u - 3. Let n be g(3). Suppose -l = v - 9, 4*v + 35 = n*l - v. List the prime factors of l.
2, 5
Let p(s) = -6*s**2 - 2*s**2 - 13 - s**3 - 13*s - 3*s**2. Let o be 1/((-3)/(-15))*(2 + -4). List the prime factors of p(o).
17
Let s = -5 + 8. Suppose -2*g = -3*g - s*r + 20, -r + 5 = 0. Suppose 2*u + 2*u = 16, 0 = g*m + 5*u - 65. What are the prime factors of m?
3
Suppose -2*m + 52 = -0*m. Suppose -3*c = -c - 4. Suppose -c*w = -m + 2. List the prime factors of w.
2, 3
Let o be 6 - (2 + 0)/2. Let t(g) = -2*g + 4. Let m be t(3). What are the prime factors of (0 - m - 1)*o?
5
Let f(z) = z**3 + 11*z**2 + 11*z + 13. Let l be f(-10). Suppose -4*j = -3*k + 24, 2*k - 19 = -l*j + 14. What are the prime factors of k?
2, 3
Let k(v) = v**3 - 3*v**2 - 3*v - 2. Let j be k(4). Suppose n - 93 = -j*n. List the prime factors of n.
31
Suppose 0 = 5*w - 54 - 46. Suppose -m + w = -0*m + 4*c, 2*c + 100 = 5*m. What are the prime factors of m?
2, 5
Suppose 29 = r + 2*w + w, 74 = 2*r - 2*w. What are the prime factors of r?
5, 7
List the prime factors of ((-153)/18)/(2/(-12)).
3, 17
Let v(g) = 2 + 7*g + 6*g - 3. Let f = 0 + 1. What are the prime factors of v(f)?
2, 3
Suppose -5*n = 5*d - 30, 2*n = -5*d + 39 - 3. List the prime factors of d.
2
Suppose -2*b - 65 = -7*b. What are the prime factors of b?
13
Let p(q) = -q**2 + 6*q + 4. What are the prime factors of p(5)?
3
Let a(l) = -l**2 + 8*l + 2. Let k be a(8). Let y be (-3)/3 + 6/k. Suppose y*z - 2 = 0, -7 = -2*g - 3*z + 2*z. List the prime factors of g.
3
Suppose -3*n + 3*f = -2*f + 8, -5*n = -f - 16. Let x(r) be the second derivative of r**5/20 - r**4/4 - r**3/3 - r**2/2 + 2*r. List the prime factors of x(n).
7
Let h = 2 + 9. Let u = h + 1. Let x = u + 6. What are the prime factors of x?
2, 3
Suppose 5*x = -k + 70, -2*x + 281 = 2*k + 3*k. List the prime factors of k.
5, 11
Suppose -108 - 37 = -5*n. List the prime factors of n.
29
Let z(v) = -38*v. List the prime factors of z(-4).
2, 19
What are the prime factors of 17*17/(-5)*(-9 + 4)?
17
Suppose 4*u + 58 = 2*r, 5*u + 5*r = r - 40. What are the prime factors of u/(((-15)/2)/5)?
2
Let x = 7 - -2. Let k be (0 - x)*1/(-3). Suppose -k*r = -8*r + 30. What are the prime factors of r?
2, 3
Suppose 0 = 5*h + 5*h - 220. What are the prime factors of h?
2, 11
Suppose -79 = -5*r + 101. What are the prime factors of r?
2, 3
Let h(c) = 3*c - 1. Let p be h(2). Suppose -10 = -p*z + 10. Suppose 0*g = z*g - 24. What are the prime factors of g?
2, 3
Let a(r) = -r**3 + 7*r**2 + 2*r - 9. Let v = 5 + 2. Let c be a(v). Suppose 0 = c*l - 28 - 42. What are the prime factors of l?
2, 7
Let g(y) = y**3 + 10*y**2 - 4*y - 11. List the prime factors of g(-10).
29
Suppose -3*p + 2*p + 5 = 0. Suppose -x = -4*n + 182, 113 = p*n - 5*x - 107. List the prime factors of n.
2, 23
Let m = -49 + 84. What are the prime factors of m?
5, 7
Let s be 2/(-4) - 3/2. Let n(i) = 4*i**3 + 13*i**2 + 5*i + 7. Let f(l) = -l**3 - 3*l**2 - l - 2. Let y(v) = s*n(v) - 9*f(v). List the prime factors of y(0).
2
Let z = 17 + 35. Suppose 3*b - 5*h = b + z, -2*h - 25 = -b. List the prime factors of b.
3, 7
Let g(c) = 3*c**2 + c**3 + 0 + 2 - 1 - 9*c. Let s(r) = -2*r**3 - 7*r**2 + 19*r - 2. Let h(y) = -13*g(y) - 6*s(y). What are the prime factors of h(3)?
2
Suppose 0 = 7*h - 12*h + 395. List the prime factors of h.
79
Suppose 44 = 7*r + 16. What are the prime factors of r?
2
Let u(v) = 2*v**2 + 14*v - 23. What are the prime factors of u(-13)?
7, 19
Let d(c) = -c**2 + 4*c + 1. Let l be d(3). Suppose 2*p = l*p - 26. What are the prime factors of p?
13
Suppose 5*o - 2*d = 2 + 18, 0 = -o - 2*d - 8. Suppose 0 = 4*f + o*h - 162, 3*f + 142 = 7*f - 2*h. List the prime factors of f.
2, 19
Let a be (-32)/24*(-411)/(-2). Let n be 4/(-16) + a/(-8). Suppose 12 = m + 3*u, -6*u + 2*u - n = -2*m. What are the prime factors of m?
3, 5
Let g = 2 - 0. List the prime factors of (-7)/(-7) + (g - 0).
3
Let s(n) = -n**2 - 16*n + 11. Let d(g) = 3*g. Let v be d(-5). List the prime factors of s(v).
2, 13
Let w = 6 + -7. Let b(m) = 21*m**3 + 5*m**2 - 4*m + 3. Let f(l) = -20*l**3 - 4*l**2 + 3*l - 2. Let s(d) = 3*b(d) + 4*f(d). What are the prime factors of s(w)?
17
Let u = 14 + -5. Suppose l - 4*c = 5*l - 48, 0 = 2*l - c - u. What are the prime factors of l/35 - 78/(-10)?
2
Let t(k) = -4*k - 3. Let b = 6 + -2. Let x be t(b). Let i = -4 - x. List the prime factors of i.
3, 5
Let l(p) = -p**2 - 12*p - 8. Let x be l(-10). Suppose -a + x = a. List the prime factors of a.
2, 3
Suppose 0 = -4*n + 152 + 248. Suppose -5*b + 0*b + n = 0. List the prime factors of b.
2, 5
Let x(g) = 4*g**2 + g - 2. List the prime factors of x(1).
3
Let y = -5 - -8. Suppose y*q + 4*m = -10, m = 4*q - m - 16. What are the prime factors of 20/q - 2/(-2)?
11
Let t(f) = 13*f**2 + 3*f + 5. What are the prime factors of t(-4)?
3, 67
Let y(f) = 2*f. Suppose 0 = b + b - 10. List the prime factors of y(b).
2, 5
Suppose 3*t + 0*t - 5*z - 31 = 0, 0 = 5*z + 25. Let h(m) = 5*m**2 - 3 + 14 - 4*m**t + 0*m - m. List the prime factors of h(0).
11
Let j = 2 - -1. Suppose 0*a = a - j. Suppose -5*n = -4*n - a. List the prime factors of n.
3
Let j be 10/50 + (-629)/(-5). Let y = j + -90. Suppose y = 3*a - 3*p, -5*a + 2 = -4*a + p. List the prime factors of a.
7
Let a(n) = 136*n**2 - n - 1. What are the prime factors of a(-1)?
2, 17
Let y = -9 + 15. Suppose 4*o + 19 = 3. What are the prime factors of (o/y)/(2/(-30))?
2, 5
Let t = -22 - -28. What are the prime factors of t?
2, 3
Suppose 0*q + q = t - 2, -5*t + 10 = -q. Suppose 72 = p + t*p. List the prime factors of p.
2, 3
Let k = 7 - 19. Let u be k/8*2/(-3). Let q(o) = 11*o. List the prime factors of q(u).
11
Let t be (-1614)/(-27) - (-4)/18. Suppose 0*y - t = -3*y. Suppose 4*d - y = -d. What are the prime factors of d?
2
Suppose -1105 = -14*z + 967. List the prime factors of z.
2, 37
Let k(z) = z**2 + 8*z + 7. Let h be k(-7). List the prime factors of h + 27 - (-2 + 0).
29
Let a be 0/(-2) + (-6)/(-2). Suppose -a = -t + 1. Suppose 52 = 4*s + 4*k, -t*k = 7*s - 4*s - 40. What are the prime factors of s?
2, 3
Suppose 569 - 45 = 4*j. List the prime factors of j.
131
List the prime factors of 2 + (-1 - -1) + (-2265)/(-15).
3, 17
Let c(p) = -2*p - p - 6 + 0*p. Let u be (-20)/(-30) - 34/6. What are the prime factors of c(u)?
3
Let o be (-1)/2*2*0. Suppose -5*l + 162 = -5*u - 38, o = -2*l + 4*u + 82. Let w = l - 23. List the prime factors of w.
2
Let x = -26 - -41. Suppose 2*c - x = -c. List the prime factors of c.
5
Let m(u) = -3*u**2. Let o be m(1). What are the prime factors of o/6 + (-55)/(-2)?
3
Let x(f) = -2*f**2 - 2*f + 1. Let j(s) = 3*s**2 + 3*s - 1